n factor of z and t?
4
Let v be (-4 + 0)*(-48 + -2). Calculate the greatest common divisor of 25 and v.
25
Let z be 1/(-3) - 1/(-3). Suppose -3*x - 4*n + 25 = z, 5*x + 4 = 4*n + 3. Let q be (x - 1) + (4 - -33). What is the highest common divisor of q and 26?
13
Let v(h) = h**2 + 6*h - 7. Let g be v(-6). Let a(x) = 16*x - 1. Let s be a(1). Let z = s + g. Calculate the highest common factor of 12 and z.
4
Let n = 131 - 75. Suppose -2*q + n = -74. What is the highest common factor of q and 26?
13
Suppose 3*h + 5*j - 4 - 2 = 0, -4*j = -3*h + 6. Suppose 315 = -h*x + 7*x. Suppose 3*t = -6, 3*i = -2*t + 21 + 2. What is the greatest common factor of i and x?
9
Let j(z) be the second derivative of -4*z**3/3 + 3*z**2 + 3*z. Let r be j(-5). Let s be (-8)/28 - r/(-14). What is the highest common divisor of s and 3?
3
Let n(x) = -13*x - 6. Let j be n(-8). What is the highest common divisor of j and 14?
14
Let c = 18 - 8. What is the greatest common divisor of 50 and c?
10
Suppose -k = 2*z - 4*k - 20, -4 = -3*z - 2*k. What is the greatest common divisor of z and 2?
2
Let k be (-1)/((-133)/44 - -3). Suppose -2*p = 8 - k. What is the highest common divisor of p and 6?
6
Let d = 73 + -26. Suppose 2*v - 13 = v. Let j = v + d. Calculate the greatest common factor of 12 and j.
12
Let h = -16 - -10. Let n be h/8*80/(-2). Calculate the highest common divisor of 330 and n.
30
Suppose 4*i = -2*p + 620, 3*i + i + 5*p - 626 = 0. Let s be 28/12*18/3. What is the highest common factor of i and s?
14
Let b(v) = -56*v - 2. Let s be b(-2). Calculate the greatest common divisor of s and 10.
10
Suppose 65 = 5*q + 5*a, -28 = -0*q - 4*q + 2*a. Suppose b - q = -3. Suppose 12 = g - y, -g = -y + 3*y - 3. Calculate the greatest common factor of g and b.
3
Let w be (-15)/(-5) + 2 + 248. What is the highest common divisor of 11 and w?
11
Let q be 255/(-20)*(-8)/3. Suppose 5*h - 241 = q. What is the highest common divisor of 5 and h?
5
Let g = -25 + 55. Suppose -2*f = -4*f + 28. Suppose f + 26 = 4*o. Calculate the highest common factor of o and g.
10
Let r = 206 - 53. What is the greatest common factor of r and 17?
17
Suppose 5*x + 6 = 96. Let t = -7 - -4. Let h be ((-99)/(-5))/(t/(-30)). What is the highest common divisor of h and x?
18
Let s(a) = 3*a - 23. Let r be s(10). What is the greatest common factor of r and 21?
7
Suppose -4*m + 9 = -3*c, 5*m = -c - 2 - 1. Suppose m - 2 = -l. Let h = -19 + 27. What is the highest common divisor of l and h?
2
Suppose -4*r + 4*k + 16 = 0, 5*r + 0*k + 10 = -5*k. Calculate the highest common divisor of r and 1.
1
Let n be (2/(-6))/(((-279)/(-378))/(-31)). Calculate the highest common factor of 21 and n.
7
Suppose -w + 14 = 3*d - 3, -2*d + 37 = 3*w. Suppose -a - a = -242. What is the highest common divisor of w and a?
11
Suppose -1 = 3*s - 49. What is the greatest common factor of s and 4?
4
Suppose 24 = -o + 5*o. Suppose -351 = -o*z + 3*z. What is the greatest common factor of 13 and z?
13
Suppose 5*k + 0*k - 55 = 0. What is the highest common divisor of k and 55?
11
Suppose -129 = -w + 5*d - 21, 5*w = -3*d + 652. Calculate the greatest common divisor of w and 192.
64
Suppose -3*z - 3*p = -5*z + 157, -2*p = 5*z - 402. Let b = -21 - -31. Calculate the highest common divisor of z and b.
10
Let v(c) = -5*c - 9. Let h be v(-4). Suppose h + 10 = j. Calculate the highest common factor of j and 231.
21
Suppose 0 + 22 = y - 3*n, -5*y - 3*n = -182. Calculate the highest common divisor of y and 51.
17
Let a(g) = -3*g - 6. Let v = -12 + 4. Let l be a(v). Calculate the highest common factor of l and 36.
18
Let d(z) = z**2 + 2. Let h be d(-2). Suppose 0 - h = -2*k. Let t(p) = 2*p**2 - p - 1. Let s be t(4). What is the greatest common divisor of s and k?
3
Let b(d) = -d**2 - 8*d - 3. Suppose -c - 8 = -r, 0 = 5*r - 2*r - 3. Let t be b(c). What is the greatest common divisor of t and 4?
4
Let o be (-3)/9*(-1 - 2). Let i be -6*(-3)/(-2 - o). Let r be -1 + 6 - 12/i. What is the greatest common divisor of 56 and r?
7
Let c(l) = -11*l**3 + l + 2. Let y be c(-1). Calculate the highest common divisor of 36 and y.
12
Let y(d) = -8*d + 4. Let h be y(-3). Let x be h - (3 + 1 + -1). Calculate the greatest common factor of 50 and x.
25
Let z = 16 + -9. Suppose -4*q = -6*q. Suppose 4*y + 35 = 5*d, 0*y + y = q. What is the highest common factor of d and z?
7
Suppose -z + 2*a = 2*z - 6, -4*a = -z - 8. Suppose 0 = 4*y + 5*b + 7, -b = z*y + 9 + 2. Let f = -2 - y. Calculate the highest common factor of f and 5.
1
Suppose k - 2*k + 133 = 0. Calculate the greatest common divisor of 19 and k.
19
Let o(i) = -8*i - i**3 - 2*i**2 + 8 + 5*i**2 - 3*i**2 + 9*i**2. Let b be o(8). Let v be (14/b)/((-4)/(-144)). Calculate the highest common divisor of v and 7.
7
Suppose 0 = 5*x + 12 - 117. Suppose -93 = -0*a - 5*a + 4*o, 0 = 4*a + 2*o - 90. What is the greatest common factor of x and a?
21
Let x be 20*(48/10)/(-2). Let t be (2/(-8))/(6/x). Let m = 8 + -4. Calculate the highest common factor of t and m.
2
Let w = 29 + -28. Let x = 0 + 1. Let s be (w*-1)/(x/(-45)). What is the highest common factor of s and 5?
5
Let q(f) = 13*f**3 + f**2 - 2*f + 1. Let g be q(2). Calculate the highest common divisor of 15 and g.
15
Let f(p) = -10*p**2 + 1. Let c be f(1). Let z(l) = -l + 2. Let d be z(c). Suppose -q + 7 = -4. Calculate the highest common factor of q and d.
11
Let g(z) = 2*z**2 - 2*z - 1. Let x(q) = q**3 + 4*q**2 - 6*q - 6. Let m be x(-5). Let n be g(m). Calculate the highest common factor of n and 3.
3
Let t = 34 + -2. Calculate the greatest common factor of t and 8.
8
Suppose 5*w - 10 - 15 = 0. Suppose -4*l + 13 - w = 0. Let m be ((-11)/(-3))/(l/6). What is the greatest common divisor of 22 and m?
11
Suppose 0*k + 8*k - 728 = 0. Calculate the highest common factor of 13 and k.
13
Let g = 10 - 8. Suppose r + 5 = 3*r - 3*i, -5*r - g*i + 22 = 0. Calculate the greatest common divisor of r and 16.
4
Suppose -88*k + 84*k = -64. Calculate the greatest common divisor of k and 12.
4
Suppose n + 4 = -0*n + 3*s, 2*n - 12 = s. Suppose 0*k - 4*z - 24 = -2*k, 14 = 2*k - 2*z. What is the greatest common factor of k and n?
2
Suppose w = -4*l + 4, -3*w - l = 3*l - 12. What is the greatest common factor of w and 16?
4
Let y(i) = 5*i**3 - 2*i**2 + 4*i - 5. Let p be y(-5). Let v be (4/4)/((-2)/p). Let m = v - 238. Calculate the greatest common divisor of 14 and m.
14
Let x be (-435)/(-18) + 3/(-18). What is the highest common factor of x and 120?
24
Let y = -8 + 9. Suppose 0 = 3*d - 8 - y. What is the greatest common divisor of 1 and d?
1
Let c be 3*(0 + 32/3). Let u = -1 + 10. Let x = -5 + u. Calculate the highest common divisor of c and x.
4
Let t = -22 + 48. Calculate the greatest common divisor of t and 13.
13
Suppose -5*f + 2*g = 41 - 483, 3*g = -3*f + 261. Suppose 0 = 3*t - 2*t - 11. What is the highest common divisor of f and t?
11
Let a(p) = -22*p + 4*p - 2 + 1 - 21*p. Let r be a(-4). What is the highest common factor of r and 62?
31
Let k = -67 + 122. Let l be ((-66)/(-8))/((-3)/(-8)). Calculate the highest common factor of l and k.
11
Suppose 2*g - 4 = -0. Suppose -g*v = v - 441. What is the greatest common factor of v and 21?
21
Suppose -g + 5*w + 28 = 0, -3*g = -w + 2 - 16. What is the highest common factor of g and 6?
3
Let f be (-12)/2*2/(-6). Let o = 0 - f. Let i(s) = 4*s**2 - 2*s - 2. Let p be i(o). What is the highest common divisor of 45 and p?
9
Let v be 2/(-7) + (-15)/35*-199. What is the greatest common divisor of v and 5?
5
Suppose -7 = -p - 4. Suppose 2*d - 75 = -p*d. Let j(x) = 74*x**3 + x**2. Let c be j(1). What is the highest common divisor of d and c?
15
Let n = 1 + -1. Let v be -1 - -7 - (1 + 1 + 2). Suppose -35 = -5*s - 4*b - b, -4*s - v*b + 30 = n. What is the highest common factor of s and 2?
2
Let v(i) = 26*i**3 + 2*i - 1. Let g be v(1). What is the highest common factor of g and 27?
27
Let r = 20 - 28. Let t = r - -10. Calculate the highest common divisor of 16 and t.
2
Let z be 4/18 - 264/(-27). Suppose b = -2 + z. Let j = -3 + 5. What is the highest common factor of j and b?
2
Suppose p - 90 = -5*d, 5*p = 3*p - 2*d + 156. Suppose -c = 2*c - p. Suppose 3*f + 2*f = 25. Calculate the greatest common divisor of f and c.
5
Let l be 2/9 - 21220/(-90). What is the greatest common